40
Calculate the highest common factor of 351 and 1080.
27
What is the greatest common divisor of 60 and 108?
12
What is the highest common factor of 968 and 33?
11
What is the greatest common factor of 440 and 4488?
88
What is the highest common factor of 703 and 74?
37
What is the greatest common divisor of 97 and 291?
97
What is the highest common factor of 55815 and 15?
15
What is the highest common factor of 16 and 26?
2
What is the highest common factor of 176 and 154?
22
What is the greatest common divisor of 2 and 87?
1
What is the greatest common divisor of 1958 and 1602?
178
What is the highest common divisor of 623 and 534?
89
Calculate the highest common factor of 2 and 9.
1
What is the greatest common divisor of 5 and 31?
1
Calculate the greatest common factor of 222 and 438.
6
Calculate the greatest common divisor of 2891 and 59.
59
Calculate the greatest common divisor of 143 and 88.
11
What is the highest common divisor of 522 and 5481?
261
What is the greatest common factor of 1569 and 6?
3
What is the highest common divisor of 10835 and 788?
197
Calculate the greatest common divisor of 2816 and 8.
8
Calculate the greatest common divisor of 20 and 490.
10
Calculate the highest common divisor of 56 and 21.
7
Calculate the greatest common divisor of 954 and 18.
18
What is the greatest common divisor of 716 and 5191?
179
What is the highest common factor of 84 and 966?
42
What is the highest common divisor of 105 and 84?
21
What is the highest common factor of 1848 and 112?
56
Calculate the greatest common divisor of 128 and 224.
32
Calculate the highest common factor of 122 and 305.
61
What is the highest common factor of 434 and 21?
7
Calculate the greatest common divisor of 10 and 785.
5
Calculate the highest common factor of 5901 and 42.
21
Calculate the greatest common factor of 19288 and 16.
8
What is the greatest common factor of 147 and 21?
21
What is the greatest common factor of 8202 and 6?
6
What is the highest common factor of 154 and 112?
14
Calculate the highest common factor of 21 and 903.
21
Calculate the highest common divisor of 7 and 371.
7
Calculate the highest common divisor of 7436 and 429.
143
What is the highest common factor of 5 and 145?
5
What is the greatest common factor of 77 and 99?
11
Calculate the greatest common divisor of 195 and 20.
5
What is the greatest common factor of 270 and 864?
54
Calculate the greatest common factor of 22553 and 95.
19
Calculate the highest common factor of 216 and 3384.
72
Calculate the greatest common divisor of 184 and 230.
46
What is the highest common factor of 2 and 49?
1
Calculate the greatest common factor of 22 and 1408.
22
Calculate the greatest common factor of 55 and 1100.
55
Calculate the greatest common divisor of 210 and 378.
42
Calculate the greatest common divisor of 8 and 5.
1
Calculate the highest common factor of 957 and 33.
33
What is the highest common divisor of 399 and 21?
21
Calculate the highest common divisor of 1903 and 11.
11
Calculate the greatest common factor of 26400 and 320.
160
Calculate the highest common divisor of 584 and 1241.
73
Calculate the greatest common divisor of 54 and 2484.
54
Calculate the highest common divisor of 114 and 2109.
57
What is the highest common factor of 255 and 17?
17
What is the highest common divisor of 55 and 1705?
55
What is the highest common factor of 536 and 8?
8
What is the highest common factor of 13939 and 53?
53
Calculate the greatest common divisor of 287 and 49.
7
Calculate the highest common factor of 37030 and 28.
14
Calculate the highest common divisor of 72 and 18.
18
What is the highest common divisor of 4 and 8?
4
What is the greatest common factor of 67 and 134?
67
Calculate the greatest common divisor of 246 and 17958.
246
Calculate the greatest common factor of 115 and 1058.
23
Calculate the greatest common divisor of 204 and 170.
34
What is the highest common divisor of 1265 and 345?
115
What is the greatest common divisor of 455 and 875?
35
Calculate the greatest common factor of 22 and 4.
2
Calculate the greatest common factor of 5 and 1865.
5
Calculate the highest common divisor of 546 and 35.
7
What is the highest common divisor of 275 and 33?
11
What is the highest common factor of 30 and 450?
30
What is the greatest common factor of 6496 and 128?
32
What is the greatest common factor of 250 and 2?
2
Calculate the highest common factor of 44 and 23749.
11
Calculate the highest common factor of 4230 and 90.
90
Calculate the highest common factor of 22 and 10417.
11
What is the highest common factor of 12 and 594?
6
What is the greatest common factor of 1358 and 28?
14
Calculate the highest common divisor of 819 and 1008.
63
What is the greatest common divisor of 1290 and 473?
43
Calculate the highest common divisor of 10 and 590.
10
Calculate the greatest common factor of 3765 and 15.
15
What is the greatest common factor of 2329 and 17?
17
Calculate the greatest common divisor of 1720 and 320.
40
What is the highest common factor of 543 and 4525?
181
Calculate the highest common divisor of 16 and 24.
8
What is the greatest common factor of 150 and 216?
6
What is the greatest common divisor of 2970 and 60?
30
What is the highest common divisor of 14898 and 117?
39
What is the highest common divisor of 54024 and 24?
24
Calculate the highest common factor of 973 and 556.
139
Calculate the greatest common factor of 23 and 10189.
23
Calculate the greatest common factor of 84 and 798.
42
Calculate the greatest common factor of 12974 and 13.
13
What is the highest common factor of 290 and 551?
29
Calculate the highest common factor of 22685 and 65.
65
Calculate the greatest common factor of 364 and 650.
26
What is the greatest common factor of 432 and 7632?
144
What is the greatest common factor of 506 and 1122?
22
What is the greatest common factor of 798 and 714?
42
What is the highest common divisor of 60 and 13470?
30
What is the highest common factor of 4189 and 118?
59
What is the highest common divisor of 3542 and 1694?
154
What is the highest common divisor of 87 and 174?
87
Calculate the highest common divisor of 44 and 176.
44
Calculate the highest common factor of 27956 and 241.
241
What is the greatest common factor of 40 and 55?
5
What is the highest common divisor of 32 and 40?
8
Calculate the greatest common divisor of 208 and 48.
16
Calculate the greatest common divisor of 72 and 9.
9
What is the highest common divisor of 62258 and 14?
14
What is the greatest common divisor of 132 and 33?
33
What is the greatest common factor of 1614 and 18?
6
Calculate the highest common divisor of 14 and 1757.
7
What is the highest common divisor of 42 and 714?
42
What is the highest common divisor of 26 and 19903?
13
Calculate the highest common divisor of 4 and 14.
2
Calculate the greatest common factor of 459 and 4624.
17
Calculate the highest common factor of 4559 and 47.
47
Calculate the greatest common divisor of 152 and 38.
38
Calculate the greatest common factor of 56 and 896.
56
What is the highest common factor of 344 and 328?
8
What is the greatest common divisor of 394 and 26?
2
Calculate the greatest common divisor of 10 and 365.
5
What is the greatest common divisor of 29 and 29?
29
Calculate the greatest common factor of 168 and 18.
6
Calculate the greatest common factor of 4114 and 1210.
242
Calculate the highest common divisor of 1372 and 88.
4
What is the highest common divisor of 494 and 722?
38
Calculate the highest common factor of 896 and 336.
112
Calculate the greatest common divisor of 338 and 26.
26
Calculate the greatest common factor of 1982 and 2.
2
What is the highest common factor of 24 and 2166?
6
What is the highest common factor of 2850 and 399?
57
Calculate the highest common factor of 9 and 4491.
9
What is the highest common divisor of 80100 and 25?
25
What is the highest common factor of 23 and 14582?
23
What is the greatest common divisor of 31 and 1581?
31
Calculate the greatest common divisor of 28 and 112.
28
Calculate the highest common factor of 171 and 324.
9
What is the greatest common factor of 5225 and 1235?
95
Calculate the highest common divisor of 741 and 156.
39
What is the greatest common factor of 1080 and 80?
40
Calculate the hi